7
Calculate the highest common divisor of 2090 and 1568754.
418
What is the greatest common divisor of 1224 and 28674?
18
What is the greatest common divisor of 1169 and 7904778?
1169
Calculate the highest common divisor of 30438 and 2125854.
1602
Calculate the highest common factor of 14119560 and 27.
9
Calculate the highest common divisor of 122273641 and 16058.
8029
Calculate the greatest common divisor of 10921414 and 42.
14
What is the highest common divisor of 197961 and 11546?
23
What is the greatest common factor of 18891 and 72099?
9
Calculate the greatest common factor of 429759 and 29358.
9
What is the greatest common divisor of 725 and 26000675?
725
What is the greatest common divisor of 3506511 and 46?
23
What is the greatest common factor of 213704974 and 4132?
2066
What is the greatest common factor of 70392 and 58008?
24
Calculate the highest common divisor of 10204760 and 2094.
698
What is the greatest common divisor of 488 and 130440936?
488
Calculate the highest common divisor of 762 and 51708.
6
What is the highest common divisor of 9574965 and 90?
45
Calculate the highest common divisor of 39455 and 140855.
65
Calculate the greatest common divisor of 73851 and 4220013.
309
Calculate the highest common factor of 137025 and 1665675.
225
Calculate the greatest common factor of 63669 and 119814.
57
Calculate the greatest common factor of 4214 and 66416854.
4214
What is the greatest common factor of 834560 and 980?
20
Calculate the greatest common factor of 980480 and 74240.
2560
Calculate the greatest common factor of 620745 and 13670660.
7135
Calculate the greatest common factor of 42496 and 1098256.
1328
What is the highest common factor of 23901 and 966?
3
What is the highest common factor of 1657641 and 56689?
683
What is the greatest common divisor of 8372 and 61672?
52
What is the highest common divisor of 884 and 41446204?
68
Calculate the highest common factor of 180 and 49257090.
90
What is the greatest common divisor of 5350 and 728550?
50
What is the greatest common divisor of 18439968 and 663?
51
What is the greatest common factor of 2850381300 and 2600?
1300
Calculate the highest common factor of 1633744 and 19952.
464
Calculate the highest common divisor of 34604852 and 26144.
3268
Calculate the highest common factor of 776 and 3176031812.
388
Calculate the highest common factor of 2065 and 19308517.
59
What is the highest common divisor of 2182700 and 115?
115
What is the highest common factor of 5988 and 49301699?
499
Calculate the highest common factor of 27911 and 1269216.
1469
What is the greatest common factor of 16080916 and 3656?
1828
Calculate the greatest common divisor of 63453 and 880207.
1627
What is the highest common divisor of 261923 and 1073?
37
Calculate the highest common divisor of 197 and 5091603097.
197
Calculate the greatest common divisor of 79582230 and 780.
390
Calculate the greatest common factor of 157565879 and 38.
19
Calculate the highest common factor of 4718061 and 918.
459
Calculate the highest common divisor of 252238 and 12.
2
Calculate the greatest common factor of 27976 and 112835816.
2152
Calculate the highest common divisor of 7074 and 59481.
27
What is the greatest common factor of 1666335 and 297?
33
Calculate the highest common divisor of 1867914 and 1242.
54
What is the highest common factor of 2856 and 6598452?
84
Calculate the highest common factor of 2938404 and 483.
21
Calculate the highest common divisor of 935 and 1100121.
187
What is the greatest common factor of 21686585 and 230?
115
What is the greatest common factor of 391933046 and 86?
86
Calculate the greatest common factor of 46080 and 22296.
24
Calculate the greatest common divisor of 150 and 2868330.
30
What is the highest common divisor of 1365 and 184990260?
1365
Calculate the greatest common divisor of 130213 and 27011473.
2207
What is the greatest common factor of 2605 and 2643015?
5
What is the highest common divisor of 2617739 and 388?
97
What is the highest common factor of 1305550 and 6250?
50
Calculate the greatest common factor of 47725 and 670450.
575
Calculate the greatest common factor of 34200 and 15816.
24
Calculate the highest common factor of 1802 and 24498614.
106
Calculate the highest common divisor of 1282 and 6119627.
641
What is the greatest common factor of 21191900 and 100?
100
What is the highest common divisor of 239 and 7217083?
239
What is the highest common divisor of 5044630 and 10850?
310
Calculate the highest common factor of 15829 and 731511.
11
What is the greatest common divisor of 527041 and 247?
19
What is the greatest common divisor of 5633 and 24104393?
131
Calculate the greatest common divisor of 22308 and 34100.
44
Calculate the greatest common divisor of 1128 and 21703989.
141
Calculate the highest common factor of 84 and 2528730.
6
Calculate the highest common divisor of 2 and 95088742.
2
What is the greatest common divisor of 1629 and 13921977?
543
What is the highest common divisor of 6275784 and 96?
24
What is the greatest common divisor of 51 and 561054?
3
Calculate the greatest common divisor of 4997 and 221464.
19
What is the greatest common factor of 4356009 and 231?
21
What is the highest common factor of 85 and 45178571?
17
What is the highest common divisor of 503652796 and 677?
677
Calculate the highest common factor of 8568 and 8498504.
952
What is the greatest common divisor of 11202821 and 441?
49
What is the greatest common divisor of 676 and 1397123?
169
Calculate the greatest common divisor of 375 and 43460625.
375
What is the highest common divisor of 3016389 and 622?
311
Calculate the highest common divisor of 1025 and 289337.
41
Calculate the highest common factor of 107296396 and 1588.
1588
Calculate the greatest common divisor of 1152618912 and 366.
366
What is the highest common divisor of 58889171 and 143?
11
Calculate the highest common divisor of 10804 and 1184644.
292
Calculate the highest common factor of 10 and 668742.
2
What is the greatest common factor of 122584 and 4031342?
2786
Calculate the greatest common factor of 41876559 and 3247.
3247
Calculate the greatest common factor of 8368 and 853936.
16
Calculate the highest common divisor of 1299711 and 8392.
1049
Calculate the highest common factor of 19121021 and 1267.
181
What is the highest common divisor of 354937126 and 4684?
2342
Calculate the highest common factor of 7812 and 260215116.
2604
What is the greatest common divisor of 26458036 and 33?
11
What is the highest common factor of 1515 and 214963653?
303
Calculate the greatest common divisor of 2214 and 5190969.
123
What is the greatest common divisor of 66897 and 3411?
9
Calculate the greatest common divisor of 116266 and 905423.
61
Calculate the highest common factor of 81 and 4422753.
9
What is the highest common factor of 1118574 and 8802?
18
Calculate the greatest common factor of 7889 and 50273216.
1127
What is the highest common factor of 208544499 and 7191?
423
What is the highest common factor of 1385410 and 494?
26
What is the greatest common factor of 468 and 24336572?
52
Calculate the greatest common factor of 1732928 and 3072.
64
What is the highest common factor of 13230 and 1172815?
245
Calculate the greatest common factor of 225737 and 8584.
37
Calculate the highest common divisor of 4 and 7400314.
2
What is the greatest common divisor of 34360 and 445160?
40
Calculate the greatest common divisor of 93952 and 11536.
16
Calculate the highest common divisor of 56299974 and 6.
6
Calculate the greatest common divisor of 496 and 60318808.
248
What is the highest common factor of 394796 and 1247314?
862
What is the highest common divisor of 2978123 and 43328?
677
Calculate the greatest common factor of 5869214 and 266.
38
What is the highest common divisor of 274328 and 3392?
424
What is the greatest common factor of 4454 and 1628592?
262
Calculate the greatest common divisor of 1830 and 133954800.
30
Calculate the greatest common factor of 88 and 9203249.
11
Calculate the highest common factor of 56166153 and 3.
3
Calculate the highest common divisor of 219008 and 206799.
29
What is the highest common divisor of 3204 and 5242812?
1068
What is the highest common factor of 3198478 and 15714?
194
Calculate t